ed thousands digit of 38948052?
9
What is the ten thousands digit of 430187667?
8
What is the thousands digit of 6250720296?
0
What is the hundreds digit of 2698057?
0
What is the ten millions digit of 832680030?
3
What is the hundred thousands digit of 509968950?
9
What is the hundreds digit of 28443852?
8
What is the ten thousands digit of 5312098394?
9
What is the units digit of 45017700?
0
What is the hundreds digit of 68652794?
7
What is the units digit of 72119947?
7
What is the thousands digit of 48967717?
7
What is the units digit of 1444224855?
5
What is the ten thousands digit of 61823390?
2
What is the billions digit of 1861283849?
1
What is the millions digit of 19091923?
9
What is the ten thousands digit of 44654947?
5
What is the hundreds digit of 354701307?
3
What is the ten thousands digit of 114867074?
6
What is the ten thousands digit of 93690234?
9
What is the hundred millions digit of 144752690?
1
What is the millions digit of 38508542?
8
What is the millions digit of 455948675?
5
What is the thousands digit of 162880067?
0
What is the millions digit of 610553401?
0
What is the hundred thousands digit of 4337980808?
9
What is the units digit of 507633369?
9
What is the hundred thousands digit of 290740606?
7
What is the thousands digit of 42368928?
8
What is the ten thousands digit of 294831739?
3
What is the millions digit of 97167154?
7
What is the hundred millions digit of 522889232?
5
What is the hundreds digit of 47236420?
4
What is the units digit of 175821284?
4
What is the thousands digit of 2790557351?
7
What is the hundred thousands digit of 6306929343?
9
What is the ten thousands digit of 3115856483?
5
What is the hundred millions digit of 431849934?
4
What is the tens digit of 6176692249?
4
What is the millions digit of 94806456?
4
What is the hundred thousands digit of 1731658707?
6
What is the ten thousands digit of 963151?
6
What is the thousands digit of 34553283?
3
What is the units digit of 6563232747?
7
What is the ten thousands digit of 670986934?
8
What is the thousands digit of 908556555?
6
What is the hundreds digit of 4225797124?
1
What is the units digit of 461596131?
1
What is the ten thousands digit of 14412159?
1
What is the millions digit of 321750936?
1
What is the millions digit of 899565170?
9
What is the hundred millions digit of 1040920251?
0
What is the tens digit of 193217008?
0
What is the millions digit of 24935324?
4
What is the units digit of 45679839?
9
What is the hundred thousands digit of 98021330?
0
What is the units digit of 51096789?
9
What is the thousands digit of 3143249?
3
What is the millions digit of 1605092291?
5
What is the ten millions digit of 1611330687?
1
What is the hundred millions digit of 202688074?
2
What is the ten millions digit of 343249838?
4
What is the hundred thousands digit of 189383608?
3
What is the millions digit of 130342589?
0
What is the units digit of 478272199?
9
What is the hundred thousands digit of 164116048?
1
What is the ten thousands digit of 2440023782?
2
What is the hundred millions digit of 368042810?
3
What is the hundred millions digit of 444595113?
4
What is the tens digit of 174485440?
4
What is the tens digit of 37969770?
7
What is the ten thousands digit of 1539195986?
9
What is the units digit of 579488499?
9
What is the ten millions digit of 130173561?
3
What is the thousands digit of 77917303?
7
What is the millions digit of 8078168339?
8
What is the tens digit of 25551948?
4
What is the ten millions digit of 84519119?
8
What is the ten thousands digit of 54036482?
3
What is the tens digit of 1709787913?
1
What is the hundred thousands digit of 1407405152?
4
What is the millions digit of 457296947?
7
What is the ten thousands digit of 3537806487?
0
What is the millions digit of 2461952164?
1
What is the units digit of 311015674?
4
What is the tens digit of 3842115098?
9
What is the thousands digit of 2856070723?
0
What is the ten thousands digit of 1219046669?
4
What is the thousands digit of 29175428?
5
What is the ten thousands digit of 1537047315?
4
What is the hundred millions digit of 190762468?
1
What is the millions digit of 11670556?
1
What is the ten millions digit of 2035421002?
3
What is the hundred thousands digit of 106206396?
2
What is the ten millions digit of 596776777?
9
What is the ten thousands digit of 1213227?
1
What is the tens digit of 747483?
8
What is the ten millions digit of 90748620?
9
What is the tens digit of 24348969?
6
What is the thousands digit of 292642703?
2
What is the units digit of 21951781?
1
What is the thousands digit of 1130583170?
3
What is the millions digit of 36795148?
6
What is the hundred millions digit of 296651847?
2
What is the units digit of 3532934497?
7
What is the hundred millions digit of 329854525?
3
What is the ten thousands digit of 128308377?
0
What is the ten millions digit of 254550656?
5
What is the ten millions digit of 34379814?
3
What is the units digit of 849426917?
7
What is the millions digit of 9273519?
9
What is the ten thousands digit of 91178765?
7
What is the hundred millions digit of 138263520?
1
What is the units digit of 76417095?
5
What is the ten millions digit of 70373440?
7
What is the units digit of 234400382?
2
What is the ten thousands digit of 810140602?
4
What is the ten thousands digit of 611910518?
1
What is the hundred thousands digit of 1526208328?
2
What is the ten thousands digit of 23095354?
9
What is the hundreds digit of 559383187?
1
What is the thousands digit of 90630171?
0
What is the billions digit of 1493971685?
1
What is the units digit of 99454449?
9
What is the ten millions digit of 36775616?
3
What is the hundred millions digit of 277734462?
2
What is the ten thousands digit of 36701545?
0
What is the tens digit of 196473296?
9
What is the ten millions digit of 130195856?
3
What is the ten millions digit of 58972531?
5
What is the units digit of 152416702?
2
What is the ten millions digit of 408768124?
0
What is the hundred thousands digit of 4118452877?
4
What is the thousands digit of 8016587?
6
What is the hundred millions digit of 196881531?
1
What is the ten thousands digit of 114434563?
3
What is the thousands digit of 455638622?
8
What is the millions digit of 83471073?
3
What is the thousands digit of 3002229307?
9
What is the thousands digit of 187492971?
2
What is the thousands digit of 6644331?
4
What is the hundred millions digit of 1567045990?
5
What is the ten millions digit of 2525263104?
2
What is the millions digit of 97558958?
7
What is the units digit of 18028476?
6
What is the thousands digit of 36522547?
2
What is the units digit of 6316426?
6
What is the tens digit of 198826008?
0
What is the hundred thousands digit of 6436511?
4
What is the hundred millions digit of 687629973?
6
What is the millions digit of 6174997641?
4
What is the ten thousands digit of 1257938632?
3
What is the ten thousands digit of 477257580?
5
What is the thousands digit of 889767741?
7
What is the hundred thousands digit of 1009564228?
5
What is the millions digit of 364606721?
4
What is the thousands digit of 56938749?
8
What is the tens digit of 536152078?
7
What is the hundreds digit of 468496482?
4
What is the ten thousands digit of 1080560329?
6
What is the hundred millions digit of 4477267043?
4
What is the tens digit of 1272271566?
6
What is the hundred millions digit of 1291181388?
2
What is the millions digit of 136831789?
6
What is the millions digit of 1307731320?
7
What is the millions digit of 186693892?
6
What is the ten millions digit of 146078209?
4
What is the millions digit of 7596798715?
6
What is the tens digit of 186948819?
1
What is the hundred millions digit of 232737987?
2
What is the tens digit of 1021315971?
7
What is the thousands digit of 63713197?
3
What is the hundred thousands digit of 1160851376?
8
What is the ten thousands digit of 137259049?
5
What is the hundreds digit of 146062448?
4
What is the millions digit of 3241273869?
1
What is the hundred thousands digit of 156500500?
5
What is the hundred thousands digit of 230958441?
9
What is the hundreds digit of 373240269?
2
What is the hundreds digit of 80950935?
9
What is the ten millions digit of 377095360?
7
What is the hundred millions 